osite number?
True
Suppose -5*l + 21*j - 16*j = -2184535, -3*j = 5*l - 2184535. Is l a prime number?
False
Let b(x) = 342*x**2 + 4*x - 29. Let r(g) = 684*g**2 + 8*g - 59. Let h(t) = 9*b(t) - 4*r(t). Is h(3) a prime number?
False
Suppose -3*o + 2 = -7, 5*q - 19237 = o. Suppose -15*i = -7*i - q. Is i composite?
True
Let n(w) = 3433*w**2 - 3*w - 19. Is n(3) composite?
False
Suppose 3*j = 6*j - 7935. Let g be (-1)/(9/14434) - (-312)/(-1404). Let q = g + j. Is q a prime number?
False
Let d be (6 - 6 - -2)/(1/3). Let s be d/(-24) + (-3)/4. Is 993/(-6 + 3)*1*s prime?
True
Let a = -100362 + 336263. Is a a composite number?
False
Let p(f) = 499*f**2 - f - 85. Is p(-9) prime?
True
Let n = 16 - 1. Let b(w) = -32*w + 40 - 4*w**2 + 4*w**2 + 6*w**2 - 48. Is b(n) a composite number?
True
Let w(n) = 160*n**2 + 2*n + 1. Let r be 12*1/8*2/(-3). Let t be w(r). Suppose -547 = -4*y - t. Is y prime?
True
Is (-2)/3 + 13/390*5673830 prime?
True
Is (-16666407)/(-57) - 30 - 2/19 prime?
True
Let t(b) = 4301*b**2 + 25*b + 41. Is t(-5) prime?
True
Let s(p) = -p + 7. Let a be s(4). Suppose a*z = -j - 2*z - 35, j - 3*z = 5. Is (0/5 + (-562)/4)*j composite?
True
Let p = 908 + 343. Suppose -p - 2970 = -9*x. Is x a prime number?
False
Suppose 709*j = 716*j - 52598. Let y = -4363 + j. Is y a composite number?
True
Suppose 0*u + 4*u = 2*w - 8, u + 2 = 3*w. Suppose a + 10 = 3*n, 3 = 5*n - 4*a - 9. Suppose 447 = n*r - r - 3*l, -4*r - 2*l + 596 = w. Is r prime?
True
Let f be 2 - (-96)/(-51) - 334712/136. Is -2 - f/(4/(-5 - -9)) prime?
True
Is 435/2175 - ((-5915016)/(-10))/(-2) composite?
False
Suppose 3*k - 3309 - 2635 = -o, 3*o = -2*k + 3951. Let z = k - 34. Is z prime?
True
Suppose -5*z = -12692 - 7638. Let j = z - 2415. Is j prime?
False
Let k(m) = -25*m + 241. Let u be k(9). Suppose u*z = 25*z - 69561. Is z composite?
True
Let j(f) = f**2 - 6*f - 20. Let y be j(7). Let p = -2 - -5. Is (p + (y - -3))*-709 a prime number?
False
Suppose 2 = -a + 5*c, -10 = -3*a + 2*c - 3*c. Suppose 10*l = a*l + 6391. Is l a prime number?
False
Let c(x) = -x**3 + x**2 - 19*x + 17707. Let t = 800 + -800. Is c(t) a prime number?
True
Is (264880 + 4)*(3/(-2) - -2) composite?
True
Suppose -d + 289 - 4994 = -z, 9404 = 2*z + d. Is z a composite number?
False
Suppose -26*s + 2322767 = 92*s - 6188927. Is s a composite number?
True
Let p(i) = -45*i**2 - 6*i + 25. Let a be p(6). Let m = -544 - a. Is m prime?
True
Is 102/(-153) - (2 - (-630281)/(-3)) composite?
True
Suppose -1 - 5 = j - 2*u, -5*j = -2*u + 46. Is (-28968)/(-15) - (-2)/j a composite number?
False
Is 14/(-21) - 2190932/(-12) composite?
True
Let p = 663 + -648. Suppose -2*o + 7 = -p. Is o a composite number?
False
Suppose -107 = 32*y + 117. Is 4*(92526/(-24))/y a composite number?
False
Let m = 4383 + -1551. Let g = m + 23747. Is g prime?
False
Suppose 0 = -6*g + 2*g. Suppose 10586 = 5*t - 3*w, -t + 3*t - 5*w - 4242 = g. Let o = -1007 + t. Is o a prime number?
True
Let j(h) = -60*h**2 - 10*h + 11. Let f(b) = -58*b**2 - 11*b + 10. Let i(t) = 2*f(t) - 3*j(t). Is i(3) prime?
True
Let n be (-18)/(-21) + ((-107244)/(-28) - 11). Suppose 4*j - 7 = -l, 0 = -4*j + 5*l + 2 + 35. Suppose 0 = -j*s - s + n. Is s prime?
False
Suppose -4*q + 2*p = -9*q + 24, p - 9 = -2*q. Suppose -q*n = -48996 - 23286. Is n a prime number?
False
Suppose 4*r = 5*s + 138787, -2*s - 15 = 3*s. Is r prime?
True
Let s(v) = 1598*v**3 - 9*v**2 - 2*v + 3. Let p be s(4). Suppose -19*h - p = -425332. Is h a prime number?
True
Suppose 630351 = 41*s - 858564. Suppose -22*y + 64687 = -s. Is y a composite number?
False
Suppose y + 154 = -13*y. Is (-4893)/y - (-96)/528 prime?
False
Let l = 487813 + -92783. Suppose 0 = 15*g - 25*g + l. Is g prime?
True
Let s(l) = 86*l - 27. Let j be s(1). Suppose 4*h + j = -5*f + 1254, -680 = -3*f + 5*h. Is f a composite number?
True
Suppose 13*b + 1663402 - 5642032 = 2425391. Is b composite?
False
Let x be (-17224)/(-4) - (0 - 2). Suppose -2*z - s + 378 = 2101, 5*z + 2*s = -x. Let a = z - -1721. Is a a prime number?
True
Let p(b) = b**2 + 3*b + 2. Let h be p(0). Let n(c) = 2*c**2 - 7*c**2 + 9 + 25*c + 8*c**h + 0*c**2. Is n(-10) prime?
True
Let k(i) = 5*i**3 + 6*i**2 + 8*i - 9. Let t be 12/9*36/8. Let o be k(t). Suppose 0*v - o = -5*v. Is v a composite number?
True
Is (108/(-12) - 11) + 12471 a prime number?
True
Let g(b) = -1051*b**3 + 6*b**2 - 86*b - 337. Is g(-6) a prime number?
False
Let x(j) = -j - 1. Let d be x(-4). Suppose 10 = 5*q - d*o, -o - 6 - 4 = -5*q. Is (q/(-6)*15108/4)/(-1) a prime number?
True
Suppose 0 = -2*a - 3*g + 6010, -5*a + 4*g - 926 = -16043. Is a a prime number?
False
Let m(y) = -y + 3 + y**3 + 5*y**3 + 29*y**2 + 27 - 5*y**3. Is m(-19) composite?
False
Suppose -7*w - w + 48 = 0. Let q be 2/(-5) - (96/10)/w. Is (332/6)/(1/(-6)*q) composite?
True
Let j = 16191 + -7873. Let n = -4149 + j. Is n composite?
True
Let w(q) = -909*q**2 + 39*q - 1. Let p(l) = 455*l**2 - 19*l + 1. Let f(d) = 13*p(d) + 6*w(d). Is f(-5) a composite number?
False
Suppose 677*s = 731*s - 13045158. Is s a composite number?
True
Suppose 3*f + 4*p - 522086 = 0, -4*p + 456974 - 108910 = 2*f. Is f a prime number?
False
Suppose -4*t = -3*h - 14, -5*h + 9 = -3*t + 25. Let n be (5 + h)/(-1)*838/3. Is n*3/((-30)/35) prime?
False
Let a(p) = -2*p**3 + 47*p**2 + 18*p - 31. Suppose 2*g + 82 = 4*n, 49*n + 4*g = 51*n - 32. Is a(n) a prime number?
False
Let w(z) = 23*z - 15*z - 3*z**2 - 4*z**2 + 1 + 4*z**2. Let o be w(4). Let t(d) = 3*d**2 + 19*d + 1. Is t(o) a composite number?
True
Suppose 25398 = 2*q + 284*f - 282*f, -2*f = 5*q - 63507. Is q prime?
True
Let t(q) = -1941*q**2 + 20*q - 5. Let r be t(2). Let h = 5212 - r. Is h a prime number?
True
Suppose 0 = r + 5*x - 0*x - 12, -8 = -2*r - 2*x. Suppose -2*b + 6 + 10 = r*m, -20 = -5*b. Let j(z) = 26*z**3 - 3*z**2 - 2*z - 7. Is j(m) composite?
False
Let g be ((-8)/(-10))/(52/130). Let f be (-47)/(-9) - 8/36. Suppose -2*b = -g*k - 5*b + 236, -f*b - 10 = 0. Is k a composite number?
True
Let u(j) = -j**2 + 8*j - 19. Let s be u(9). Is (-2)/8 + (-27811)/s prime?
False
Let p be 2 + 6 + -1*3/(-3). Let j = 32 - p. Suppose 1226 = 25*d - j*d. Is d composite?
False
Suppose -4*l = -14*l + 5640. Let y = 2599 + l. Is y a prime number?
True
Let u = 190063 + -21926. Is u prime?
False
Let l = 56597 - -9000. Is l a prime number?
False
Let s(d) = -41*d - 503. Is s(-54) prime?
False
Let l = 9 - 9. Suppose -5*h + 2 = -5*q - 2*h, 0 = -3*h + 12. Suppose l = q*o - 77 - 21. Is o a prime number?
False
Is (-105872519)/3542*-22 + 4/(-14) a composite number?
True
Let g(v) = -v**2 - 12*v + 6. Let r be g(-12). Suppose 9*a - 15498 = r*a - 3*t, 0 = -3*a + 5*t + 15506. Is a a prime number?
True
Suppose 4*d - 4*a + 752 - 75416 = 0, d + 5*a - 18636 = 0. Is d prime?
True
Suppose 8*f - 758826 = 1128546 + 339100. Is f a prime number?
False
Let s = 241143 - -281668. Is s composite?
False
Let p(c) = -647*c - 101. Is p(-36) a composite number?
True
Suppose -38*g + 40*g + 1073367 = 3*k, -2*g = k - 357805. Is k prime?
True
Let n be 15*(28/12 + -2). Suppose 5*y + 25 = 0, n*c + 2*y + 4 = -6. Suppose x + c*z - 905 = z, 5*z - 917 = -x. Is x prime?
True
Let n be 2 + 7/(-21)*(2 + 4). Suppose 3*f + 2*f + r + 65941 = 0, n = f - 4*r + 13184. Is (1/((-6)/2))/(4/f) composite?
True
Suppose 0 = 2*z - 1225 - 835. Let b = 670 - 173. Let s = z - b. Is s prime?
False
Let n be (-6)/(-54)*6 + (-852)/9. Is n*((-3)/(-18))/(5/(-15)) a composite number?
False
Let h be (-2416447)/(-77) - 4/(-7). Is (9/27)/(-1 - (-31386)/h) a composite number?
True
Let j(w) = -24737*w - 1264. Is j(-21) a composite number?
True
Let q(c) = c**3 - 4*c**2 - 5*c - 6. Let g be q(5). Let o be (-306)/6*(-2492)/g. Is o/(-56) + (-6)/(-8) prime?
True
Let g(j) be the second derivative of -19*j**5/6 + 11*j**4/24 - 17*j**3/6 + 12*j. Let a(n) be the second derivative of g(n). Is a(-3) composite?
False
Suppose 6*k - 15 - 15 = 0. Suppose -66450 = -k*d - 9115. Is d a composite number?
False
Suppose 12*r - 48 = 10*r. Suppose -3*a - r - 12 = 0. Is 6/8 - 3243/a composite?
False
Let k = 84 - 85. Let j(r) = -4903*r**3 + 2*r**2 + 2*r + 2. Let l be j(k). Suppose l = 4*t - 2891. Is t a prime number?
True
Let c(g) = -137*g**3 + 2*g**2 + g. Let o be c(-2). Suppose -3*d - 3*z = 2*d - 5488, d - o = -5*z. Is d prime?
True
Suppose -3*s + 3*w = -